lculate b(10).
-33
Let r(v) = v**3 + 2*v**2 - 2*v - 3. What is r(-2)?
1
Let h(u) = 2*u + 6. Give h(0).
6
Let l(w) = 45*w - 141. Give l(3).
-6
Let t(a) = -4*a**3 - a**2 + 3*a + 2. What is t(-2)?
24
Let s(z) = 3*z - 16. What is s(11)?
17
Let a(v) = 11*v + 28. Determine a(-3).
-5
Let h(g) = 62*g**2 + 2*g - 1. Calculate h(1).
63
Let k(a) = -6*a + 68. Give k(10).
8
Let m(i) = i**3 - 9*i**2 + 9*i + 3. Determine m(7).
-32
Let b(a) = -97*a - 497. Give b(-5).
-12
Let h(c) = c**3 - 9*c**2 - 8*c - 48. Determine h(10).
-28
Let p(h) = h**3 - 17*h**2 + 29*h + 9. Give p(15).
-6
Let n(y) = -y**3 + 5*y**2 + 6*y - 6. Determine n(6).
-6
Let c(v) = -v**2 + 6*v + 8. Calculate c(7).
1
Let n(h) = h**3 - h**2 - 11*h + 4. Give n(0).
4
Let g(z) = 43*z**2 + 6*z + 6. Calculate g(-1).
43
Let l(g) = 4*g + 16. Calculate l(12).
64
Let k(g) = 4*g - 1. What is k(1)?
3
Let i(u) = -9*u - 266. Calculate i(-32).
22
Let a(y) = -3*y - 157. Determine a(-55).
8
Let g(l) = -l**3 - 2*l**2 + 2*l - 7. What is g(-3)?
-4
Let d(y) = -y**2 - 2*y + 4. What is d(2)?
-4
Let b(p) = p**2 - 7*p + 10. What is b(6)?
4
Let i(h) = -h**2 + 15*h - 15. Calculate i(13).
11
Let p(x) = 3*x - 67. What is p(10)?
-37
Let s(y) = y**2 - 4*y + 3. Determine s(6).
15
Let p(h) = h**2 + 49*h - 106. Give p(-51).
-4
Let i(m) = 5*m - 160. Determine i(31).
-5
Let o(d) = 6*d + 24. Give o(6).
60
Let k(u) = u**3 - 3*u - 3. Determine k(-2).
-5
Let i(u) = -2*u**2 - 5*u + 24. Determine i(-6).
-18
Let w(b) = -4*b + 117. What is w(22)?
29
Let v(x) = 5*x + 152. Calculate v(-29).
7
Let q(v) = 4*v - 94. Calculate q(24).
2
Let u(h) = h + 23. Calculate u(-14).
9
Let h(t) = -t - 16. Calculate h(-12).
-4
Let t(j) = -92*j + 78. Give t(1).
-14
Let s(f) = f**3 - 6*f**2 + 7*f + 1. Calculate s(3).
-5
Let u(z) = -z**2 - 13*z - 24. Calculate u(-10).
6
Let c(a) = 2*a**2 + 19*a - 2. What is c(-6)?
-44
Let w(y) = y**2 - 7*y - 13. Give w(10).
17
Let x(c) = c**2 + 31*c + 29. Determine x(-31).
29
Let j(g) = 6*g + 10. Determine j(-3).
-8
Let c(u) = u**3 - u**2 + 4*u - 10. What is c(3)?
20
Let f(k) = 3*k**3 - 9*k**2 + 11. What is f(2)?
-1
Let p(v) = -8*v**2. What is p(1)?
-8
Let c(p) = -p**2 + 17*p - 35. Give c(3).
7
Let d(z) = -z**2 - 7*z - 13. Determine d(-9).
-31
Let l(o) = 10*o + 3. Determine l(3).
33
Let r(m) = -42*m**3 - m**2 + 3*m - 1. Calculate r(1).
-41
Let q(x) = 2*x**3 - 18*x**2 + x - 12. Determine q(9).
-3
Let z(w) = w**3 + 4*w**2 - 4*w - 1. Determine z(-5).
-6
Let b(a) = a**3 + 9*a**2 + a + 2. Calculate b(-9).
-7
Let m(z) = z**3 - 16*z**2 - 5*z + 3. Determine m(16).
-77
Let a(b) = b + 3. Calculate a(-8).
-5
Let s(u) = -2*u**2 + 48*u - 48. What is s(24)?
-48
Let l(r) = r**3 - 6*r**2 + r + 11. Calculate l(5).
-9
Let i(a) = a**2 - 7*a - 5. Determine i(5).
-15
Let a(k) = -17*k - 5. What is a(-4)?
63
Let r(i) = 13*i**2 - 4*i + 3. Determine r(1).
12
Let z(b) = -b + 31. Give z(16).
15
Let j(h) = h**3 - 9*h**2 + 7*h. What is j(8)?
-8
Let t(z) = -z**2 + 14*z + 3. Give t(15).
-12
Let i(p) = p**2 - 16*p - 48. Give i(19).
9
Let s(j) = j**2 - 25*j - 42. Determine s(27).
12
Let k(h) = 3*h**2 - 14*h - 5. What is k(6)?
19
Let z(n) = -n**3 + 4*n**2 + 16*n - 17. Give z(6).
7
Let s(i) = -2*i**2 + 30*i - 31. Determine s(14).
-3
Let a(f) = f**3 + 6*f**2 - 6*f + 12. Give a(-7).
5
Let m(c) = 40*c + 6. Give m(-2).
-74
Let j(p) = -p**3 - 10*p**2 - 17*p - 8. Calculate j(-8).
0
Let l(t) = -t**2 - 15*t - 6. Calculate l(-16).
-22
Let u(i) = i**3 - 3*i**2 - 14*i - 10. Determine u(7).
88
Let z(f) = -f**2 + 11*f + 4. Calculate z(10).
14
Let f(y) = -y**2 - 10*y - 8. Determine f(-4).
16
Let b(k) = -k**3 + k**2 + 2*k + 2. What is b(3)?
-10
Let y(p) = -p**3 + p**2 + 7. What is y(3)?
-11
Let u(b) = -8*b**2 - 6*b + 5. Give u(1).
-9
Let h(l) = l**3 + 29*l**2 + 54*l - 1. Give h(-27).
-1
Let h(t) = t + 7. Calculate h(5).
12
Let u(i) = i**3 + 2*i**2 - 9*i - 10. Determine u(-4).
-6
Let i(m) = -m + 20. What is i(0)?
20
Let x(m) = m**3 - 13*m**2 - 2*m + 16. Give x(13).
-10
Let q(t) = -t**3 + 2*t**2 - t - 7. Determine q(-2).
11
Let v(p) = -44*p - 1. Calculate v(1).
-45
Let m(f) = -16*f + 7. What is m(-7)?
119
Let s(r) = -r**3 + 2*r**2 + 2*r - 4. What is s(0)?
-4
Let u(r) = -18*r + 53. What is u(6)?
-55
Let o(u) = u**3 + 7*u**2 + 4*u - 3. What is o(-5)?
27
Let p(f) = f**2 - 22*f + 37. Give p(21).
16
Let o(u) = -u**3 - 8*u**2 + 2*u + 9. Determine o(-8).
-7
Let v(a) = -2*a**2 + 63*a + 23. Determine v(32).
-9
Let j(y) = 5*y + 3. Determine j(2).
13
Let v(b) = -2*b**3 + 9*b**2 - 2*b + 14. Calculate v(5).
-21
Let s(d) = -44*d**2 + 2*d + 3. Give s(-1).
-43
Let p(g) = g**2 - 9*g - 9. Determine p(8).
-17
Let q(z) = -z**3 - 11*z**2 - 21*z + 1. Calculate q(-9).
28
Let m(l) = 12*l**3 - 190*l**2 - 32*l - 5. What is m(16)?
-5
Let h(x) = x**3 + 2*x**2 - 14*x + 3. Determine h(-5).
-2
Let g(h) = -10*h - 27. Determine g(11).
-137
Let i(g) = -g**3 - 9*g**2 + 9*g + 11. Determine i(-10).
21
Let d(o) = -10*o + 2. What is d(-3)?
32
Let l(k) = 2*k - 18. Determine l(15).
12
Let g(l) = -l**2 - 10*l + 9. Calculate g(-11).
-2
Let d(c) = -c**3 + 10*c**2 + 11*c - 13. Determine d(11).
-13
Let v(z) = -7*z - 53. What is v(-7)?
-4
Let p(h) = h - 20. Give p(8).
-12
Let w(d) = -d**3 + 2*d - 7. What is w(0)?
-7
Let d(i) = -i**3 - 7*i**2 - 9*i - 7. Calculate d(-2).
-9
Let z(j) = 2*j**3 - 9*j**2 + 16*j - 3. Calculate z(3).
18
Let h(f) = -7*f**3 + 3*f**2 + 6*f + 7. Determine h(-2).
63
Let f(t) = 8*t - 32. What is f(7)?
24
Let m(d) = -7*d - 8. Give m(-7).
41
Let h(q) = -q**3 + 2*q**2 - 2*q - 3. Calculate h(3).
-18
Let s(w) = -4*w - 2. What is s(1)?
-6
Let s(l) = 23*l**2 + 34*l - 33. Determine s(1).
24
Let g(n) = 5*n - 10. Calculate g(9).
35
Let g(z) = -9*z + 80. Determine g(13).
-37
Let y(i) = -66*i**3 - 1. What is y(-1)?
65
Let r(h) = h**3 - 2*h**2 + 2*h - 2. Calculate r(2).
2
Let a(l) = l - 10. Determine a(10).
0
Let w(j) = 26*j**3 + j**2 + j. Give w(-1).
-26
Let u(d) = d**3 + 16*d**2 - 4*d - 68. What is u(-16)?
-4
Let m(b) = b**2 - 2*b - 16. Determine m(-4).
8
Let b(c) = -c**3 - c**2 - 7*c + 4. Give b(0).
4
Let h(i) = 2*i + 18. Calculate h(-12).
-6
Let z(y) = -y**3 - 10*y**2 + y - 3. Calculate z(-10).
-13
Let k(r) = 3*r + 4. Give k(-3).
-5
Let v(a) = 2*a**3 - 6*a**2 + 5*a + 4. Give v(4).
56
Let u(s) = -33*s**2 - 364*s - 2. Determine u(-11).
9
Let f(r) = -r**2 + 53*r + 112. Give f(55).
2
Let h(k) = -k**2 + 34*k - 171. Calculate h(28).
-3
Let l(y) = y**3 - 9*y**2 + 5*y + 7. Calculate l(8).
-17
Let u(q) = q**3 - 17*q**2 + 27*q + 30. Determine u(15).
-15
Let n(f) = 3*f - 41. Calculate n(11).
-8
Let s(r) = 2*r**3 - 7*r**2 - 13*r + 3. What is s(5)?
13
Let j(i) = 9*i - 3. Determine j(-1).
-12
Let i(f) = -f**3 + 2*f**2 - 2*f + 16. Calculate i(3).
1
Let w(j) = j**2 + 21*j - 73. Give w(-24).
-1
Let b(k) = -k + 9. Calculate b(-8).
17
Let f(a) = -a**3 - 14*a**2 + 19*a + 13. Calculate f(-15).
-47
Let c(y) = y**3 - 5*y**2 - 2*y - 2. Calculate c(5).
-12
Let f(p) = -p**2 + 22*p + 24. What is f(23)?
1
Let q(m) = 37*m + 5. Calculate q(2).
79
Let p(k) = -k**3 + 6*k**2 - 5*k - 9. Determine p(5).
-9
Let m(x) = x + 31. What is m(3)?
34
Let h(b) = -29*b - 76. Give h(-3).
11
Let q(n) = n**3 + 5*n**2 - 5*n - 6. Give q(-7).
-69
Let g(a) = a**3 - 5*a**2 - 6*a - 6. Give g(6).
-6
Let g(u) = 3*u + 16. Determine g(-14).
-26
Let v(c) = c**2 - 9*c - 78. What is v(14)?
-8
Let x(s) = 3*s**2 - 90*s + 3. Determine x(30).
3
Let k(v) = 2*v**2 + 6*v + 3. What is k(-3)?
3
Let a(l) = 21*l + 35. Give a(-4).
-49
Let b(i) = 2*i**2 - 4. Calculate b(-3).
14
Let d(v) = v**3 + 13*v**2 + 45*v + 8. Calculate d(-6).
-10
Let m(p) = -2*p - 8. Give m(9).
-26
Let b(z) = 2*z**2 - 12*z - 23. Determine b(8).
9
Let n(m) = -55*m + 272. Give n(5).
-3
Let r(a) = 18*a - 7. Calculate r(2).
29
Let g(a) = 4*a - 27. Determine g(5).
-7
Let s(a) = -44*a + 36. Calculate s(1).
-8
Let x(u) = -u**2 + 10*u - 29. Give x(6).
-5
Let n(x) = -x**2 - 4*x - 9. Give n(-4).
-9
Let l(n) = -68*n**3 - 2*n**2 + n. Calculate l(1).
-69
Let a(g) = -86*g + 82. Determine a(1).
-4
Let x(d) = -393*d + 1174. Give x(3).
-5
Let t(w) = w**2 - 8*w + 25. Give t(5).
10
Let h(i) = 3*i**2 - 3*i + 2. What is h(2)?
8
Let c(s) = 6*s + 5. Determine c(-3).
-13
Let u(x) = -x**2 - 4*x + 12. Determine u(-5).
7
Let k(p) = p**3 - 25*p**2 + 1. Calculate k(25).
1
Let a(t) = -t - 17. Calculate a(-14).
-3
Let a(c) = 10*c**2 + 21*c +